igit of f?
1
Let l = 19 - -17. What is the units digit of l?
6
Let y(n) be the third derivative of n**4/24 - n**3/3 + 2*n**2. Let i be y(4). Suppose i*w - z = w + 5, w + 5 = -4*z. What is the units digit of w?
3
Suppose 3*f - 60 = o, 3*o - 121 = -2*f - 356. Let g = -38 - o. What is the tens digit of g?
3
Suppose -4*v = -5*u + 20 + 2, 0 = -3*u - 2*v. Let x(q) = -q**3 + q**2 + q + 2. Let i be x(u). Let j = i + 11. What is the tens digit of j?
1
Suppose -l = -z + 1, -3*l + z + 3 + 2 = 0. Suppose -10 - 2 = -l*b. What is the units digit of (-3)/(1/b + -1)?
4
Let x = -11 + 20. What is the units digit of x?
9
What is the units digit of (36/20 - 1)*40?
2
Suppose -2 = -p - 2*x - x, 0 = -2*p + 3*x + 4. Suppose -p*g + 3*g - 23 = 0. What is the tens digit of g?
2
Let n(c) = 3*c + 7. Let i be n(-8). Let f = i + 32. What is the units digit of f?
5
Suppose -m = 3*o - 39, o + 60 = 5*o + 4*m. Suppose -4*r = 4*q - o, -3*q - 14 = -5*r - 55. What is the units digit of q?
7
Suppose 4*o + 22 = -n, -2*o = 3*n + 2 + 14. Let a be 6/(3/2 + -3). What is the units digit of (45/6)/o*a?
6
Let p(d) = d**3 + 5*d**2 + 2*d - 3. Let w(r) = -r**3 - 4*r**2 - 3*r - 1. Let a be w(-2). What is the units digit of p(a)?
9
What is the units digit of (-11160)/(-56) - -2*(-3)/21?
9
Suppose -s - 5 = -6*s. Let k(o) = 5*o + 1. Let w be k(-2). What is the units digit of (6/w)/(s/(-12))?
8
Suppose 4*x - x = -9. What is the units digit of (-34)/(-3) + (-2)/x?
2
Let p = -5 + -4. What is the units digit of p/(-12) - 13/(-4)?
4
Let g(j) = j**3 + 5*j**2 + j + 7. Let b be g(-5). Let t = 2 - -4. What is the units digit of 9*3/t*b?
9
Let w = 8 + -5. Suppose 2*d - 5 + w = 0, 0 = -v + 3*d + 3. What is the units digit of v?
6
What is the units digit of (-2 + 15/6)/(6/228)?
9
Let i(b) = -6 + 6 - 1 + 8*b + 3. What is the tens digit of i(2)?
1
Let j = 0 + 0. Suppose 0 = k + 3*k - y - 96, 5*y = j. Let w = k + -12. What is the units digit of w?
2
What is the tens digit of -4 - 1*-65 - 2?
5
Let y be 0/(-1) + 42/(-3). Let j = 20 + -49. Let r = y - j. What is the units digit of r?
5
Let i be 32/12 + (-4)/6. Let t(f) = 2*f**2 - 2*f - 1. What is the units digit of t(i)?
3
Suppose -5*l = -5*h - 15 + 130, 3*h + l - 69 = 0. What is the units digit of h?
3
Let h = -65 + 73. What is the units digit of h?
8
Let r be (8/12)/(2/69). Suppose -5*t + y + 94 + 64 = 0, -4*t - 2*y = -132. Let x = t - r. What is the units digit of x?
9
Let i(y) = 2*y**2 + 3*y - 4. What is the tens digit of i(-5)?
3
What is the tens digit of 194/6 + 1/(-3)?
3
Let k(s) = -15*s + 16*s + 11*s**3 - s**3. What is the tens digit of k(1)?
1
Let r be 5/2*18/15. Suppose -4*u = -2*d + 22, -3*u = -4*d - r + 27. What is the units digit of d?
3
Suppose 45 + 1 = y. What is the units digit of y?
6
Suppose y - 4 = -1. Suppose 4*i - 12 = -2*u - 2*u, 5*u = -y*i + 21. What is the units digit of u?
6
Suppose 3*t - 11 - 85 = 0. What is the tens digit of t?
3
Let f(j) = -j - 8. Let q be f(-7). Let c(b) = 24*b**2 + 1. What is the tens digit of c(q)?
2
Suppose 4*n + 2*x - 156 = 0, -5*n + 4*n + 29 = -2*x. What is the units digit of n?
7
Let j = -138 - -436. What is the units digit of j?
8
Suppose -2*u = 3*d - 74, -2*u + 0*u = d - 70. Suppose 7 = -p + u. What is the units digit of p?
7
Suppose -5*y = 8*m - 4*m - 3, -4*m - 3 = 3*y. Let f(r) = -1 + 0*r + 4*r - 2. What is the units digit of f(y)?
9
Let n be 1 - -7 - (0 - 1). Suppose 0 = f - n - 6. What is the units digit of ((-24)/f)/((-2)/10)?
8
Let v be -5 - (2 - (-4)/(-1)). Let h(r) = -r**3 - 3*r**2 - 3*r - 1. What is the units digit of h(v)?
8
Let p(w) = -w**2 + 16*w - 12. What is the units digit of p(12)?
6
Let m(a) = 355*a + 6. What is the units digit of m(1)?
1
Suppose 2*u = u + 2*p + 4, -2*u + p + 20 = 0. Let q = u - -2. What is the units digit of q?
4
Let s = 29 + -4. What is the tens digit of s?
2
Let h(y) = 2*y**2 - 3*y + 1. What is the units digit of h(3)?
0
Let m(k) = -k**2 + 6*k + 2. Let p be m(5). Suppose -g + 4*y - p = 0, -5*g + 3*y = -0 + 1. What is the units digit of g?
1
Suppose 4*a - 2*a = -t + 12, -3*t = 4*a - 20. Suppose 3*h + 2 - a = 0. What is the units digit of h?
2
What is the tens digit of ((-9500)/(-36))/5 - (-6)/27?
5
What is the units digit of -1*252/4*-1?
3
Let u(b) be the third derivative of -1/60*b**5 + 0 - 2*b**2 + 2/3*b**3 + 0*b - 1/6*b**4. What is the units digit of u(-4)?
4
Suppose -4*w + 2*s + 16 = 0, -w + 4*s = -0*w - 4. What is the units digit of w?
4
Let y(x) = -x + 13. Let j be y(10). Suppose -b + j*b - 6 = 0. What is the units digit of b?
3
Let b(z) = -z**2 - 2 - z + 3 - 3*z - 2. Let w be b(-4). Let p = 4 + w. What is the units digit of p?
3
Suppose -y - 4*p + 13 = 0, -9 - 9 = -4*y + p. What is the units digit of y?
5
Let f = 60 + -3. What is the tens digit of f?
5
Let m(y) = y**2 + 7*y + 10. Let g be m(-8). Let a be (0 - 2)/((-6)/15). Suppose 3*t = a*t - g. What is the units digit of t?
9
Let i be (-4)/12 - (-1)/3. Suppose i = o + 17 - 20. What is the units digit of o?
3
Suppose -p = -4*n - 3*p + 2, 2*n + 14 = -4*p. Suppose -n*i + 4*v = 14 + 24, 4*v + 12 = -2*i. Let q = i - -17. What is the units digit of q?
7
Let x(k) = -k**3 + 5*k**2 + 8*k - 7. Let q be x(6). Suppose 215 = 5*b + q*g + 60, -2*g + 91 = 3*b. What is the tens digit of b?
2
Suppose 25 = a - 4*u, 5*u = -3*a + 19 + 5. What is the units digit of a?
3
What is the tens digit of 1/((-1)/1) - -23?
2
What is the hundreds digit of ((-5 + 1)*-1)/((-28)/(-1792))?
2
Suppose 131 + 85 = 3*i. Let n = i + -50. What is the tens digit of n?
2
Suppose 3*s = u + s + 29, 5*u + 127 = 4*s. Let m(x) = -x**2 - 15*x. Let g be m(-12). Let y = u + g. What is the tens digit of y?
1
Suppose -9 = -y + 63. What is the units digit of y?
2
Suppose -24 = -4*r + 156. What is the units digit of r?
5
Suppose 0 = -2*x + 24 + 4. Suppose -x - 4 = -2*z. What is the units digit of z?
9
Suppose 94 = 4*o - 2*o. What is the tens digit of o?
4
Let f = 17 + -12. Suppose -3*j = f*a - 29, -3*a - a + 19 = j. Suppose 2 = 5*d - j. What is the units digit of d?
1
Suppose -n = 2*n - 12. Suppose n*z = -4*f + f + 12, 3 = z + 5*f. Suppose -q + x = 3*q - 11, -z*q - x = -10. What is the units digit of q?
3
Suppose -f = -72 + 18. Suppose -z + f = 3*y - 2*z, 3*z = -y + 28. What is the units digit of y?
9
Suppose 3*r = -d + 4, -3*r = -2*d - 0*r - 1. Let w = -3 + d. What is the units digit of (w + 3 - -1)/1?
2
Let d(o) be the second derivative of o**5/20 - 5*o**4/12 + 2*o**3/3 + o**2 + 4*o. What is the units digit of d(4)?
2
Let k(c) = c - 1. Let w(d) = 0*d**3 + d**3 - 2*d**3 + 3*d**2 - 1. Let z be w(2). What is the units digit of k(z)?
2
Let s(g) = 15*g + 15. What is the units digit of s(14)?
5
Let p(f) = -f**2 + 8*f - 5. Let m be p(7). Suppose -2*g - 24 = -4*x - 3*g, m*x + 6 = 4*g. What is the units digit of x?
5
What is the units digit of ((-12)/15)/(2/(-10))?
4
Suppose -9 = -3*b + 6. Suppose 3*x - 5*l = 117, -b*x + 2*l + 29 = -147. What is the units digit of x?
4
Let j(a) = -a**2 - 3 + 0*a + 2*a**2 + 2*a. Suppose 2*k = 2*z - 18, 0*k - 2*z - 12 = 4*k. What is the units digit of j(k)?
2
Let d(j) = j**3 - 23*j**2 + 2*j + 26. What is the units digit of d(23)?
2
Suppose m - 10 = -2*r, -1 = -2*r + 9. Suppose -2*k + 2 = -m*k. What is the units digit of k?
1
Let k be (-5 + 2)/(3/(-20)). Suppose k = 5*c - 45. What is the tens digit of c?
1
Suppose -280 = -11*w + 1073. What is the tens digit of w?
2
Let h = 8 + -6. What is the units digit of (4/2)/(h/4)?
4
Let t(f) = f**3 - f - 1. Let l(c) = 6*c**3 - 5*c**2 - 11*c. Let h(o) = l(o) - 5*t(o). Let v be 6 - 2 - (1 - 3). What is the units digit of h(v)?
5
Suppose -4*z + 12 = 0, 4 + 8 = 4*g + 4*z. Suppose -4*t = -0*t + 8, g = -3*r - 3*t + 36. What is the tens digit of r?
1
Let h = -12 + 17. Suppose 4*n = -a + 5 - 0, 3*n = -h*a + 110. Suppose -35 = -k + 4*w, -k + w + a = -w. What is the tens digit of k?
1
Let y(s) = 7*s**2 + s + 7. What is the tens digit of y(-3)?
6
Suppose 23 = 2*b + 7. What is the units digit of (b/12)/((-1)/(-36))?
4
Suppose -3*t + 4*b = -0*t + 5, 0 = 5*b - 25. Let n = 7 - t. What is the units digit of n?
2
Let w(k) = k**2 - 3*k + 7. What is the tens digit of w(5)?
1
Suppose 5*s = 2*f + 862, 0*f - 173 = -s + f. What is the units digit of s?
2
Let h(d) = -7*d**2 - 20*d - 14. Let o(x) = 11*x**2 + 30*x + 21. Let l(y) = 8